the prime factors of j(0)?
11
Let s be 0 - 4/12 - 52/(-3). Suppose -s*c = -2*c - 2790. List the prime factors of c.
2, 3, 31
Suppose -8328 = -h - r, 2*h - 16641 = 4*r - 9*r. What are the prime factors of h?
13, 641
Suppose 6*p = -2*n + 3*p, n - 13 = 5*p. Suppose n*h = -3, -5*h + 157 = o - 2*h. List the prime factors of o.
2, 5
Let s(n) = n**2 - 8*n + 5. Suppose 17*x + 15 = 20*x. Let t be s(x). What are the prime factors of (-296)/t*50/20?
2, 37
Suppose -7*g + 61 = 12. Let c be (3 - 1/g)/((-4)/(-14)). Let l = 93 + c. What are the prime factors of l?
103
Let s(r) = 359*r - 14. Let u be (-15)/(-6)*((-16)/5)/2. Let d be s(u). List the prime factors of d/(-8) - (-1 + (-10)/(-8)).
181
Suppose 5*w - 319 = 2*j - 1355, w - 4 = 0. List the prime factors of 3*(j/18 - -5).
103
Let h(t) = 9*t**2 + 7*t + 25. Let s be h(-8). Suppose 3*l - 1865 = -s. Suppose 3*n = -4*v + l, -v - 41 = -5*n - 128. List the prime factors of v.
107
Suppose 169*n = 165*n + 8. Suppose 0 = -5*g + 3*u + 1852, n*u = 7*g - 12*g + 1832. What are the prime factors of g?
2, 23
Let k be 2 + -2 - 177/(-1). Let w be (-4)/16 + k/4. Suppose -q + 0 + w = 0. What are the prime factors of q?
2, 11
Let f(h) = h**3 - 3*h**2 + 4*h - 1. Let v be f(3). Suppose 5*n - 1363 = -2*o, 689 = -10*o + v*o + n. What are the prime factors of o?
2, 347
Let z(h) be the second derivative of -h**5/20 + 3*h**4/4 - h**3/3 - 5*h**2 - 2*h + 8. List the prime factors of z(8).
2, 19
List the prime factors of ((-64)/(-864))/((-2)/(-6)) - (-274831)/9.
3, 13, 29
Let n = -661 + 665. Suppose u = -n*y + 1528, -2*y + 4534 = -62*u + 65*u. What are the prime factors of u?
2, 13, 29
Let c = 36 + 19. Let j = -50 + c. Suppose 5*w - 234 = w - j*n, -5*w + 311 = -3*n. What are the prime factors of w?
61
Let y = 39640 + -16876. List the prime factors of y.
2, 3, 7, 271
Let c = 179 - 814. Let u = 1087 + c. List the prime factors of u.
2, 113
Suppose 13 - 22 = -c. Suppose -b + 3*p - c = 0, -4*b + 9 = 3*p + 30. What are the prime factors of (-3)/2*(0 + 676/b)?
13
Let p be -533 + (7 - (3 - -5)). Let g = -225 - p. List the prime factors of g.
3, 103
Let j = -28 + 35. Suppose -x + 216 = j*x. Suppose -x*u - 243 = -30*u. List the prime factors of u.
3
Suppose w - 3*t - 2801 = 10702, -w + 2*t + 13508 = 0. List the prime factors of w.
2, 3, 751
Let w(c) = 8*c - 15. Let a be w(-16). Let g = a + 225. What are the prime factors of g?
2, 41
Let b = -45 + 53. Let s be (5 - (b + -3)) + 5. Suppose 2*m - 2*h - 148 = 0, s*m = -2*h + 6*h + 366. List the prime factors of m.
2, 5, 7
Let k(j) = -j**3 - 2*j**2 + 4*j - 1. Let q be k(-4). Suppose -5*z + 0*y + 2*y - 14 = 0, q = -5*y. List the prime factors of (-6)/z*-2*-21.
3, 7
Let w = -51 - -58. Suppose 4*r - 15 = -5*x, 3*r - w*r - 12 = -4*x. Suppose 8*o = x*o + 120. What are the prime factors of o?
2, 3
Let k(f) = -96*f - 4. Suppose 0*g = 6*g + 5*g. Suppose g*l + 3 = -l. List the prime factors of k(l).
2, 71
Let d(c) = -c**3 - 5*c**2 + 448*c - 22. What are the prime factors of d(-27)?
2, 5, 7
Suppose -10*g + 11955 = 395. Let z = 2268 - g. List the prime factors of z.
2, 139
Let g(i) = i**3 - 10*i**2 - 7*i + 3. Suppose 0 = -n + j - 1, j - 1 = 3*n - 0*j. Let s be (-4 + n)/8*-22. List the prime factors of g(s).
47
Suppose -67*j - 21528 = -4*c - 70*j, 2*c = -5*j + 10792. What are the prime factors of c?
2, 3, 7
Suppose 0 = h, 4*t - 4 = 8*t - 5*h. Let s be (22 + (-7 - -1))*t/(-2). Suppose -s*j + 460 = -4*j. List the prime factors of j.
5, 23
Let i(o) = -o + 29. Let q be i(-13). Let d = 111 - q. Let k = 130 - d. What are the prime factors of k?
61
Let x(m) = -2*m**2 + 35*m + 21. Let t be x(18). Suppose 0 = k - t*k + 5964. List the prime factors of 1/(4 + k/(-597) + 1).
199
List the prime factors of 50542666/3626 - 6/(-147).
53, 263
Let a = -1124 - -3919. Suppose 85*i = 98*i - a. What are the prime factors of i?
5, 43
Suppose 3*o = -g, 2*g + 4*o = 5*g. Suppose g = -20*t + 25*t - 65. Suppose t*n = 955 + 1203. What are the prime factors of n?
2, 83
Let q be (-1056926)/(-354) - (-10)/(-6). Let h = q - 1809. List the prime factors of h.
5, 47
Let u = -808 - -649. Let g = u - -486. List the prime factors of g.
3, 109
Suppose -3*q = -3*p + 23160, 2*q - 8799 = -4*p + 22087. Suppose 13*r = p - 1754. List the prime factors of r.
3, 17
Suppose -2*h = -4*u - 326 - 254, 3*h = -3*u + 888. Suppose 4*m - 5*m - 2 = 0, 4*z + 5*m - h = 0. What are the prime factors of z?
2, 19
Let j(a) = -150*a - 1927. What are the prime factors of j(-30)?
31, 83
Suppose 5*r - 949 = 4*z, -5*z + 373 = -12*r + 14*r. Let a = -89 + r. What are the prime factors of a?
2, 5
Suppose g - 953 - 616 = 0. Let d = g + -504. List the prime factors of d.
3, 5, 71
Suppose -h = -3*y + 11309, -2*y + 876 = -h - 6663. Suppose -r + 11*r = y. List the prime factors of r.
13, 29
Let l(u) = 6554*u**2 + 192*u + 191. What are the prime factors of l(-1)?
6553
Suppose 5*q - 30 = -2*w, -6*w + 87 + 3 = 5*q. Suppose -w*g + 4455 = -6540. List the prime factors of g.
733
Suppose 0 = -132*h + 77335 + 1715753. List the prime factors of h.
2, 3, 283
Let w(h) = 12*h**2 + 246*h - 37. List the prime factors of w(-26).
23, 73
Let y = 4920 + -876. Suppose -5644 = -7*h + y. What are the prime factors of h?
2, 173
Let n be 6 + (1295 - -7)/(-7). Let l = -128 - n. What are the prime factors of l?
2, 13
Let x be 2/5 + (-40)/(-25). Suppose 2*h = -x*h + 216. Suppose -7*l - h = -243. What are the prime factors of l?
3
Suppose 2*m + 0*m = -4, -164 = -o + 3*m. Let j = o + -58. Suppose 2*t - j = -3*t. What are the prime factors of t?
2, 5
Suppose 0 = 13*r - 15*r + 6. Suppose 4*f = 3*c + 853, 9*f - 7*f - r*c - 425 = 0. List the prime factors of f.
2, 107
Suppose -3*z = -5*k + 43, -k + 10*z - 6*z + 12 = 0. Suppose -2749 - 107 = -k*t. List the prime factors of t.
3, 7, 17
Suppose -3*b + 4*y - 2 = 0, -3*y + 7 = -7*b + 2*b. Let n = -463 + 458. List the prime factors of 136 - (b/(-10) - (-11)/n).
2, 3, 23
Let b = -17388 + 34651. What are the prime factors of b?
61, 283
Suppose -501*g + 7*k + 2904 = -500*g, 15 = -3*k. List the prime factors of g.
19, 151
Let q = 5393 - 3778. List the prime factors of q.
5, 17, 19
Let f = -95 + 191. Let j be (-30)/(5 + (-484)/f). Suppose -5*k = -3*o + j - 111, -3*k = 5*o - 1049. List the prime factors of o.
2, 13
Suppose -2*r = 3*q + 536, q + 4*r - 5*r = -187. Let a = 150 - q. What are the prime factors of a?
2, 83
Let a = -294 + 298. Suppose -4 = 2*w - a*w, r - 537 = 2*w. What are the prime factors of r?
541
Let t(b) = -5*b**3 - 134*b**2 + 81*b - 153. Let a(o) = -o**3 - 27*o**2 + 16*o - 31. Let k(u) = 11*a(u) - 2*t(u). List the prime factors of k(-30).
5, 89
Let j = -5531 + 11988. List the prime factors of j.
11, 587
What are the prime factors of (-70 + -14)*((-11087)/20 - 6/(-10))?
3, 5, 7, 443
Suppose 8*w = 61 - 525. Let o = w - -55. What are the prime factors of (-4 - o)/((-2)/48)?
2, 3
Suppose -83*a + 2610496 + 134978 = 0. List the prime factors of a.
2, 3, 37, 149
Suppose 7*m + 650544 = 2*m + 53*m. List the prime factors of m.
13553
What are the prime factors of (-198)/(-693) + 29328/7?
2, 5, 419
Suppose -22 = -l - 27. What are the prime factors of (l + -23)*(-138)/8?
3, 7, 23
Let n = -37278 - -58541. List the prime factors of n.
11, 1933
Suppose 5*a = -5*o + 60, 4*o - 53 = -4*a - a. Suppose 12*t - 68 = o*t + 3*w, -t = -5*w + 4. Suppose -109 = -5*c + t. What are the prime factors of c?
5
What are the prime factors of 3 - 114130/30*-6?
37, 617
Let o = 2435 + 7363. List the prime factors of o.
2, 3, 23, 71
Suppose 8*z + 32 = 24*z. Let r(h) = 62*h**3 + 7*h**2 - 2*h + 1. What are the prime factors of r(z)?
521
Let w(f) = -199*f**3 - 2*f**2 - 167*f - 777. What are the prime factors of w(-5)?
149, 167
Suppose 29660 = o + 3*s - 12296, 0 = 12*o - 4*s - 503792. List the prime factors of o.
2, 5, 2099
Suppose -12*t + 150690 - 2334 = 0. Suppose -12*p = -t + 3531. What are the prime factors of p?
2, 23
Let y(i) = -3*i**3 + 3*i**2 + i + 2. Let f be y(-4). Suppose -55 = 3*n - f. Let d = n + 157. List the prime factors of d.
2, 109
Let z = 930 + -1556. Let s = 1418 + z. What are the prime factors of s?
2, 3, 11
Let z(b) = b**3 - 7*b**2 - 8*b - 12. Let t be ((-48)/20)/((-9)/30). Let m be z(t). Let f = 60 + m. List the prime factors of f.
2, 3
Let h be (-4 + 2)/(-4)*2. Let a be (-20